{"id":1405,"date":"2021-11-23T18:57:29","date_gmt":"2021-11-23T17:57:29","guid":{"rendered":"https:\/\/www.caminodesantiago.sk\/?post_type=stage&#038;p=1405"},"modified":"2022-02-18T02:33:35","modified_gmt":"2022-02-18T01:33:35","slug":"topolcianky-jelenec","status":"publish","type":"stage","link":"https:\/\/www.caminodesantiago.sk\/de\/stage\/topolcianky-jelenec\/","title":{"rendered":"Topo\u013e\u010dianky \u2013 Jelenec"},"content":{"rendered":"<p>Diese Etappe f\u00fchrt haupts\u00e4chlich \u00fcber Feld- und Forststra\u00dfen mit einem Aufstieg zur Burg G\u00fdme\u0161.<\/p>","protected":false},"excerpt":{"rendered":"<p>Diese Etappe f\u00fchrt haupts\u00e4chlich \u00fcber Feld- und Forststra\u00dfen mit einem Aufstieg zur Burg G\u00fdme\u0161.<\/p>\n","protected":false},"featured_media":1317,"parent":0,"menu_order":24,"template":"","meta":{"_acf_changed":false},"section":[76],"class_list":["post-1405","stage","type-stage","status-publish","has-post-thumbnail","hentry","section-hb-tt-de"],"acf":[],"jetpack_sharing_enabled":true,"_links":{"self":[{"href":"https:\/\/www.caminodesantiago.sk\/de\/wp-json\/wp\/v2\/stage\/1405","targetHints":{"allow":["GET"]}}],"collection":[{"href":"https:\/\/www.caminodesantiago.sk\/de\/wp-json\/wp\/v2\/stage"}],"about":[{"href":"https:\/\/www.caminodesantiago.sk\/de\/wp-json\/wp\/v2\/types\/stage"}],"wp:featuredmedia":[{"embeddable":true,"href":"https:\/\/www.caminodesantiago.sk\/de\/wp-json\/wp\/v2\/media\/1317"}],"wp:attachment":[{"href":"https:\/\/www.caminodesantiago.sk\/de\/wp-json\/wp\/v2\/media?parent=1405"}],"wp:term":[{"taxonomy":"section","embeddable":true,"href":"https:\/\/www.caminodesantiago.sk\/de\/wp-json\/wp\/v2\/section?post=1405"}],"curies":[{"name":"wp","href":"https:\/\/api.w.org\/{rel}","templated":true}]}}

Topoľčianky – Jelenec

<p>Diese Etappe führt hauptsächlich über Feld- und Forststraßen mit einem Aufstieg zur Burg Gýmeš.</p>
