{"id":1453,"date":"2021-11-23T18:57:26","date_gmt":"2021-11-23T17:57:26","guid":{"rendered":"https:\/\/www.caminodesantiago.sk\/?post_type=stage&#038;p=1453"},"modified":"2022-02-18T02:34:31","modified_gmt":"2022-02-18T01:34:31","slug":"korompa-szepesvaralja","status":"publish","type":"stage","link":"https:\/\/www.caminodesantiago.sk\/hu\/stage\/korompa-szepesvaralja\/","title":{"rendered":"Korompa \u2013 Szepesv\u00e1ralja"},"content":{"rendered":"<p>Kifejezetten kellemes r\u00e9szn\u00e9l tartunk, az \u00fat a Szepess\u00e9g lank\u00e1s t\u00e1jain \u00e1t kanyarog. Minden dombtet\u0151n \u00fajabb \u00e9s \u00fajabb csod\u00e1latos panor\u00e1ma ny\u00edlik el\u0151tt\u00fcnk.<\/p>","protected":false},"excerpt":{"rendered":"<p>Kifejezetten kellemes r\u00e9szn\u00e9l tartunk, az \u00fat a Szepess\u00e9g lank\u00e1s t\u00e1jain \u00e1t kanyarog. Minden dombtet\u0151n \u00fajabb \u00e9s \u00fajabb csod\u00e1latos panor\u00e1ma ny\u00edlik el\u0151tt\u00fcnk.<\/p>\n","protected":false},"featured_media":1279,"parent":0,"menu_order":4,"template":"","meta":{"_acf_changed":false},"section":[81],"class_list":["post-1453","stage","type-stage","status-publish","has-post-thumbnail","hentry","section-ke-le-hu"],"acf":[],"jetpack_sharing_enabled":true,"_links":{"self":[{"href":"https:\/\/www.caminodesantiago.sk\/hu\/wp-json\/wp\/v2\/stage\/1453","targetHints":{"allow":["GET"]}}],"collection":[{"href":"https:\/\/www.caminodesantiago.sk\/hu\/wp-json\/wp\/v2\/stage"}],"about":[{"href":"https:\/\/www.caminodesantiago.sk\/hu\/wp-json\/wp\/v2\/types\/stage"}],"wp:featuredmedia":[{"embeddable":true,"href":"https:\/\/www.caminodesantiago.sk\/hu\/wp-json\/wp\/v2\/media\/1279"}],"wp:attachment":[{"href":"https:\/\/www.caminodesantiago.sk\/hu\/wp-json\/wp\/v2\/media?parent=1453"}],"wp:term":[{"taxonomy":"section","embeddable":true,"href":"https:\/\/www.caminodesantiago.sk\/hu\/wp-json\/wp\/v2\/section?post=1453"}],"curies":[{"name":"wp","href":"https:\/\/api.w.org\/{rel}","templated":true}]}}

Korompa – Szepesváralja

<p>Kifejezetten kellemes résznél tartunk, az út a Szepesség lankás tájain át kanyarog. Minden dombtetőn újabb és újabb csodálatos panoráma nyílik előttünk.</p>
