{"id":1481,"date":"2021-11-23T18:57:29","date_gmt":"2021-11-23T17:57:29","guid":{"rendered":"https:\/\/www.caminodesantiago.sk\/?post_type=stage&#038;p=1481"},"modified":"2022-02-18T02:35:49","modified_gmt":"2022-02-18T01:35:49","slug":"gidrafa-bazin","status":"publish","type":"stage","link":"https:\/\/www.caminodesantiago.sk\/hu\/stage\/gidrafa-bazin\/","title":{"rendered":"Gidrafa \u2013 Bazin"},"content":{"rendered":"<p>K\u00f6zepesen neh\u00e9z szakasz. Mezei, erdei \u00f6sv\u00e9nyek v\u00e1ltakoznak aszfaltutakkal. K\u00e9t r\u00f6vid, de meredek emelked\u0151vel is sz\u00e1molnunk kell.<\/p>","protected":false},"excerpt":{"rendered":"<p>K\u00f6zepesen neh\u00e9z szakasz. Mezei, erdei \u00f6sv\u00e9nyek v\u00e1ltakoznak aszfaltutakkal. K\u00e9t r\u00f6vid, de meredek emelked\u0151vel is sz\u00e1molnunk kell.<\/p>\n","protected":false},"featured_media":149,"parent":0,"menu_order":30,"template":"","meta":{"_acf_changed":false},"section":[84],"class_list":["post-1481","stage","type-stage","status-publish","has-post-thumbnail","hentry","section-tt-ba-hu"],"acf":[],"jetpack_sharing_enabled":true,"_links":{"self":[{"href":"https:\/\/www.caminodesantiago.sk\/hu\/wp-json\/wp\/v2\/stage\/1481","targetHints":{"allow":["GET"]}}],"collection":[{"href":"https:\/\/www.caminodesantiago.sk\/hu\/wp-json\/wp\/v2\/stage"}],"about":[{"href":"https:\/\/www.caminodesantiago.sk\/hu\/wp-json\/wp\/v2\/types\/stage"}],"wp:featuredmedia":[{"embeddable":true,"href":"https:\/\/www.caminodesantiago.sk\/hu\/wp-json\/wp\/v2\/media\/149"}],"wp:attachment":[{"href":"https:\/\/www.caminodesantiago.sk\/hu\/wp-json\/wp\/v2\/media?parent=1481"}],"wp:term":[{"taxonomy":"section","embeddable":true,"href":"https:\/\/www.caminodesantiago.sk\/hu\/wp-json\/wp\/v2\/section?post=1481"}],"curies":[{"name":"wp","href":"https:\/\/api.w.org\/{rel}","templated":true}]}}

<p>Közepesen nehéz szakasz. Mezei, erdei ösvények váltakoznak aszfaltutakkal. Két rövid, de meredek emelkedővel is számolnunk kell.</p>
