{"id":1485,"date":"2021-11-23T18:57:29","date_gmt":"2021-11-23T17:57:29","guid":{"rendered":"https:\/\/www.caminodesantiago.sk\/?post_type=stage&#038;p=1485"},"modified":"2022-02-18T02:36:09","modified_gmt":"2022-02-18T01:36:09","slug":"rajka-pozsony","status":"publish","type":"stage","link":"https:\/\/www.caminodesantiago.sk\/hu\/stage\/rajka-pozsony\/","title":{"rendered":"Rajka (HU) \u2013 Pozsony"},"content":{"rendered":"<p>Az \u00fat nagy r\u00e9sze aszfaltutakon, erdei \u00e9s mezei ker\u00e9kp\u00e1rutakon halad. A magyarorsz\u00e1gi Szent Jakab-utat kapcsolja \u00f6ssze a szlov\u00e1kiai zar\u00e1ndok\u00fattal.<\/p>","protected":false},"excerpt":{"rendered":"<p>Az \u00fat nagy r\u00e9sze aszfaltutakon, erdei \u00e9s mezei ker\u00e9kp\u00e1rutakon halad. A magyarorsz\u00e1gi Szent Jakab-utat kapcsolja \u00f6ssze a szlov\u00e1kiai zar\u00e1ndok\u00fattal.<\/p>\n","protected":false},"featured_media":1333,"parent":0,"menu_order":61,"template":"","meta":{"_acf_changed":false},"section":[86],"class_list":["post-1485","stage","type-stage","status-publish","has-post-thumbnail","hentry","section-ra-ba-hu"],"acf":[],"jetpack_sharing_enabled":true,"_links":{"self":[{"href":"https:\/\/www.caminodesantiago.sk\/hu\/wp-json\/wp\/v2\/stage\/1485","targetHints":{"allow":["GET"]}}],"collection":[{"href":"https:\/\/www.caminodesantiago.sk\/hu\/wp-json\/wp\/v2\/stage"}],"about":[{"href":"https:\/\/www.caminodesantiago.sk\/hu\/wp-json\/wp\/v2\/types\/stage"}],"wp:featuredmedia":[{"embeddable":true,"href":"https:\/\/www.caminodesantiago.sk\/hu\/wp-json\/wp\/v2\/media\/1333"}],"wp:attachment":[{"href":"https:\/\/www.caminodesantiago.sk\/hu\/wp-json\/wp\/v2\/media?parent=1485"}],"wp:term":[{"taxonomy":"section","embeddable":true,"href":"https:\/\/www.caminodesantiago.sk\/hu\/wp-json\/wp\/v2\/section?post=1485"}],"curies":[{"name":"wp","href":"https:\/\/api.w.org\/{rel}","templated":true}]}}

<p>Az út nagy része aszfaltutakon, erdei és mezei kerékpárutakon halad. A magyarországi Szent Jakab-utat kapcsolja össze a szlovákiai zarándokúttal.</p>
